ens digit of (-14)/4*(-10 - 0)?
3
Let g(x) = -x**2 - 12*x + 9. Let j be g(-14). Let w(r) = -7*r + 7. Let c be w(5). Let s = j - c. What is the units digit of s?
9
Suppose -3*a = 5*b - 100, -a - 24 = 5*b - 124. Suppose -3*q + b = -q. What is the units digit of q?
0
Let q be (-142)/9 - (-16)/(-72). What is the tens digit of (-6 - -3)/(3/q)?
1
Let d = 8 - 6. Suppose -2*j + d = -12. What is the units digit of j?
7
Let k(f) = f**3 - 14*f**2 + 14*f - 6. Let o be k(13). Suppose 0 = m + 4*c - 2, 4*m = -2*c - o + 57. What is the tens digit of m?
1
What is the units digit of (-16)/(-12)*(0 - -39)?
2
Suppose -8 = -3*z - 2. Let w(t) = t**3 - t**2 - t. Let h be w(1). Let j = z + h. What is the units digit of j?
1
Let b be ((-4)/3)/(24/(-36)). What is the tens digit of (14 - 0) + b + -4?
1
Let n(j) = -j**3 + 4*j**2 + 3*j - 6. Let z(s) = s**2 - 9*s - 13. Let i be z(10). Let k be (2/(-1))/(i/6). What is the units digit of n(k)?
6
Let f(b) be the second derivative of -b**5/20 - 7*b**4/12 + 7*b**3/6 - b**2/2 + 8*b. What is the units digit of f(-8)?
7
Let o be (-3)/15 - (-42)/10. Let i = o + 39. What is the tens digit of i?
4
Let g = -3 - -5. Let u be 15/(-9) + g/(-6). Let i(p) = -2*p**3 - 4*p**2 - 3*p - 1. What is the units digit of i(u)?
5
Let i(q) = -68*q - 1. What is the units digit of i(-1)?
7
Let u be 3/(-6)*-4 - -3. Suppose -5*h = 3*g - 159, -u*h + 53 = 4*g - 3*g. What is the units digit of g?
3
Suppose 8*k - 12*k + 16 = 0. What is the units digit of k?
4
Let x = -18 - -13. Let r(o) = 9*o**2 - 2*o + 1. Let c be r(1). Let d = x + c. What is the units digit of d?
3
Let f = 3 - 5. Let a be (-2)/f + (-4 - -13). Let q = -6 + a. What is the units digit of q?
4
Let k be (-48)/(-4)*(-1)/(-3). Suppose k*m + 18 - 1 = 3*u, 26 = 2*u + m. What is the units digit of u?
1
Let u(k) = -20*k + 46. What is the tens digit of u(-6)?
6
What is the tens digit of (1 - 2)/(-2) - (-675)/10?
6
Let y = -7 - -13. Suppose -y*x + 27 = -3*x. What is the tens digit of (78/x)/(2/3)?
1
Let j = -11 + 14. Let r(t) = 2*t + 1. What is the units digit of r(j)?
7
Suppose -1 = -5*w - i - 32, -4*i + 37 = -3*w. Let z(s) = -s**2 - 6*s + 7. Let l be z(w). Let j(h) = -h**2 + h + 5. What is the units digit of j(l)?
5
Suppose -2*w - 3*j = -12, -w + 3*w + 2*j = 10. Suppose -w*z + 25 = -23. What is the units digit of z?
6
Suppose 5*c = 5 - 0. Let u = c - -13. What is the tens digit of u?
1
Let g(k) = k**3 - 8*k**2 + 7*k + 7. Let q = 5 - -2. Let y be g(q). Let m(n) = -n + 13. What is the units digit of m(y)?
6
Suppose -611 = -4*w - 5*i, 4*w - 63 - 553 = -4*i. What is the hundreds digit of w?
1
Let d(l) = -5*l - 2. Let b be ((-2)/3)/(2/9). What is the tens digit of d(b)?
1
What is the units digit of (-2)/(-2) - 6/(-3)?
3
Let z(n) = -n + 27. Let i(u) = u - 1. Let d(l) = 2*i(l) + z(l). What is the tens digit of d(11)?
3
Let q(k) = 6*k**2 - k + 1. Let s be q(1). Let m(v) be the second derivative of v**4/12 - 7*v**3/6 + 9*v**2/2 - 7*v. What is the units digit of m(s)?
3
Let j be ((-17)/4)/(5/(-20)). Suppose 5*q - 43 = -0*m + m, 0 = -q + 3*m + j. What is the units digit of q?
8
Let r(h) be the second derivative of -7*h**4/24 - h**3/6 - h**2 + 2*h. Let o(d) be the first derivative of r(d). What is the units digit of o(-1)?
6
Suppose 4*d - 58 = -3*y, -5*y = 4*d - 3*d - 108. What is the units digit of y?
2
Suppose i - 40 = -17. What is the tens digit of i?
2
Suppose -3*o + 7*o = 12. Let h(n) = 6*n**3 - 4*n**2 - 5*n**o - 2 + 4*n - 3*n. What is the units digit of h(4)?
2
Suppose 2*x - 3*k = 3*x + 7, -k = 3*x - 3. Let z(w) = w**3 - 3*w**2. Let n be z(x). Let s = n + 17. What is the units digit of s?
3
Suppose -6 = 5*h + 4. Let a be 3/(6/10) + h. Suppose 0 = -5*n + s + 25, a*s + 2*s = -3*n + 15. What is the units digit of n?
5
Suppose -35 + 407 = -3*n. Let q = -66 - n. What is the units digit of q?
8
What is the tens digit of -408*1*(-1)/2?
0
Suppose -w - 3*w + 424 = 0. What is the hundreds digit of w?
1
Let k = 0 + 102. What is the units digit of k?
2
Let x(d) = -4*d**3 - 3*d**2 + 2. Let y be (3 - 1)/(1 - 0). Suppose 14 = -4*r + 3*q, y*q = -3*r - 2 - 0. What is the tens digit of x(r)?
2
Let n(t) = -t**3 + 10*t**2 - t + 14. Let d be n(10). Suppose x - 4*j + 6*j = -d, x = 5*j - 32. What is the units digit of -1*x/(-9)*-3?
4
Let l(c) = -c**3 - 7*c**2 - c - 4. Let m be l(-7). Let f(p) = 5 - 3*p**3 - p**3 - 6*p**2 + 3*p**m - 5*p. What is the units digit of f(-5)?
5
Let t(d) = -6*d + 11. What is the tens digit of t(-8)?
5
Suppose 3*x = 9 + 3. Suppose x*b + 17 = 1. Let y = 9 + b. What is the units digit of y?
5
Let f be (1 + -4)/((-2)/6). Let d(p) = -p**2 - 10*p + 5. Let g be d(-10). Suppose f = 2*v - g. What is the units digit of v?
7
Let f = -7 + 9. What is the units digit of f + (0 - 0) + 15?
7
Suppose 0 = 3*t - 5*y - 84, -5*t + 4*t = 5*y - 28. Suppose -4*p + t = -2*p. What is the units digit of p?
4
Let t be -1 + 1 - (0 + 0). Suppose -c + 5 = -l - 0*l, -3*c - 5*l = 9. Suppose c*o - o - 5 = t. What is the units digit of o?
5
Let d be 2*2/((-8)/(-6)). Suppose -d*i + 7*i - 92 = 0. Suppose i = 5*z - 7. What is the units digit of z?
6
Suppose -677 = -6*u + 1033. What is the units digit of u?
5
Let j(r) = -r + 3 + 0*r + 11 + 2*r. What is the units digit of j(-9)?
5
Let k(b) = 42*b + 14. What is the hundreds digit of k(7)?
3
Let f(i) = i**2 + 11*i - 16. What is the tens digit of f(-13)?
1
Suppose -5*x = 2*b + 3*b - 30, 24 = 5*x - b. Suppose 0 = 2*y + 3*y + j - 138, x*y = j + 132. What is the tens digit of y?
2
Suppose -10 - 5 = 5*g. Let f be g*((-60)/9 - -2). What is the units digit of ((-48)/28)/((-2)/f)?
2
Suppose g + 3*q - 14 = 0, 0 = -g - 0*g + 2*q + 29. What is the tens digit of g?
2
Let j be 3 - (-3 + (1 - -3)). What is the units digit of (-5 - -1)/(j/(-6))?
2
Let v be -2 - ((-2)/2 - -1). What is the units digit of v + (2/1 - -4)?
4
Suppose -2 - 32 = -o. What is the tens digit of o?
3
Let n(k) = -k**2 + k + 1. Let w(h) = 2*h**2 - 2*h - 1. Let g(o) = -5*n(o) - 2*w(o). What is the units digit of g(4)?
9
Let k be 76/16 + (-1)/(-4). Suppose -5*v + 10 = -k. What is the units digit of v?
3
Let u(z) be the second derivative of -z**4/12 + 4*z**3/3 - z**2 + 3*z. What is the units digit of u(7)?
5
What is the units digit of (-16)/10*(-170)/4?
8
Let z(l) = l + 2 + 3*l**2 - 2*l**2 + 0*l**2. What is the units digit of z(0)?
2
Let b(k) = 2*k**3 + 5*k**2 - 2*k - 4. What is the units digit of b(3)?
9
Let k = 22 + 44. Suppose 4*d - 4*j = 144, 2*d + 0*j - k = -4*j. What is the units digit of d?
5
Let p(a) = -4*a - 2. Let o be p(-2). Suppose -3*h - 69 = -o*h. What is the tens digit of h?
2
Let v be (-10)/(-25) - (-231)/(-15). What is the units digit of (v - 3)/((-4)/4)?
8
Let z = 161 + -49. What is the units digit of z?
2
Suppose a - 3*a = -6, 6 = -2*v + 4*a. Suppose 0 = -o - 0*g - g + 5, v*g - 7 = -o. What is the units digit of o?
4
Let y be 12/(-36) + (-73)/(-3). Suppose 4*j + y = 3*w + 79, 2*j - 30 = 4*w. What is the units digit of j?
3
What is the hundreds digit of (10 + -8)*(110 + -1)?
2
What is the units digit of (-4)/((-8)/98) + -4?
5
Let k = -30 + 48. What is the tens digit of k?
1
Let t be 3/(-5) - 18/(-5). Suppose -17 = -t*v - 5. Suppose -v*i + 17 = 1. What is the units digit of i?
4
Let o(j) = 3*j + 3 + 2 - 7*j - j**2. Let n be o(-5). Let d = n - -2. What is the units digit of d?
2
What is the units digit of 39 + ((-1)/(-1) - 2)?
8
Let r be 6/(-2) - 0 - 0. Let m = -1 - r. Suppose 8 = m*k - 3*l, -3*l + 18 = 2*k - l. What is the units digit of k?
7
Suppose -2*i + 39 = -75. What is the tens digit of i?
5
Suppose 10 = 3*b + 1. Suppose 23 - b = t. What is the tens digit of t?
2
Let v = 74 - 51. What is the tens digit of v?
2
Let q(j) = 2*j**2 + j**2 - j**2 + 3*j. Suppose -5*m - 18 = -3. What is the units digit of q(m)?
9
Let a = 3 + 2. Suppose 4*b = a*f + 81, -2*b + 62 = b - 4*f. What is the units digit of b?
4
Let g(v) = 13*v**2 - 5*v + 2. What is the units digit of g(-3)?
4
Let c be (-6)/4 - (-75)/10. Let j(k) = 3*k**2 - 4*k - 1. Let w be j(3). Let a = c + w. What is the units digit of a?
0
Let l(r) = -7*r - 37. What is the tens digit of l(-15)?
6
What is the tens digit of 6/(-15) - (-3)/15*282?
5
Let p = -33 - -88. What is the tens digit of p?
5
Let t be (12/(-8))/(6/8). Let m be (18/(-4))/(t/(-4)). What is the units digit of 